{"id":539,"date":"2024-10-29T14:14:44","date_gmt":"2024-10-29T13:14:44","guid":{"rendered":"https:\/\/jeremyseguin.com\/?page_id=539"},"modified":"2024-10-29T14:15:01","modified_gmt":"2024-10-29T13:15:01","slug":"politique-en-matiere-de-cookies","status":"publish","type":"page","link":"https:\/\/jeremyseguin.com\/index.php\/fr\/politique-en-matiere-de-cookies\/","title":{"rendered":"Politique en mati\u00e8re de cookies"},"content":{"rendered":"\t\t<div data-elementor-type=\"wp-page\" data-elementor-id=\"539\" class=\"elementor elementor-539\" data-elementor-post-type=\"page\">\n\t\t\t\t<div class=\"elementor-element elementor-element-37f2fd1 e-flex e-con-boxed e-con e-parent\" data-id=\"37f2fd1\" data-element_type=\"container\">\n\t\t\t\t\t<div class=\"e-con-inner\">\n\t\t<div class=\"elementor-element elementor-element-169a3f1 e-con-full e-flex e-con e-child\" data-id=\"169a3f1\" data-element_type=\"container\" data-settings=\"{&quot;background_background&quot;:&quot;classic&quot;}\">\n\t\t\t\t<div class=\"elementor-element elementor-element-8216df4 elementor-widget elementor-widget-text-editor\" data-id=\"8216df4\" data-element_type=\"widget\" data-widget_type=\"text-editor.default\">\n\t\t\t\t<div class=\"elementor-widget-container\">\n\t\t\t\t\t\t\t<p class=\"p1\">Nous utilisons nos propres cookies et ceux de tiers pour am\u00e9liorer nos services et vous montrer de la publicit\u00e9 li\u00e9e \u00e0 vos pr\u00e9f\u00e9rences en analysant vos habitudes de navigation. Si vous continuez \u00e0 naviguer, nous consid\u00e9rons que vous acceptez leur utilisation. Vous pouvez modifier la configuration ou obtenir plus d&rsquo;informations \u00ab\u00a0ici\u00a0\u00bb.<\/p>\n<h1><b>Politique en mati\u00e8re de cookies<\/b><\/h1>\n<p class=\"p1\">Un cookie est un fichier qui est t\u00e9l\u00e9charg\u00e9 sur votre ordinateur lorsque vous acc\u00e9dez \u00e0 certains sites web. Ils permettent \u00e0 un site web, entre autres, de stocker et de r\u00e9cup\u00e9rer des informations sur les habitudes de navigation d&rsquo;un utilisateur ou de son ordinateur et, en fonction des informations qu&rsquo;ils contiennent et de la mani\u00e8re dont vous utilisez votre ordinateur, ils peuvent \u00eatre utilis\u00e9s pour reconna\u00eetre l&rsquo;utilisateur.<span class=\"Apple-converted-space\">&nbsp; <\/span>Le navigateur de l&rsquo;utilisateur les m\u00e9morise sur le disque dur uniquement pendant la session en cours, occupant ainsi un espace m\u00e9moire minimal et n&rsquo;endommageant pas l&rsquo;ordinateur. Les cookies ne contiennent aucune information personnelle sp\u00e9cifique et la plupart d&rsquo;entre eux sont supprim\u00e9s du disque dur \u00e0 la fin de la session du navigateur (cookies de session).<\/p>\n<p class=\"p1\">La plupart des navigateurs acceptent les cookies en standard et, ind\u00e9pendamment d&rsquo;eux, autorisent ou emp\u00eachent les cookies temporaires ou stock\u00e9s dans les param\u00e8tres de s\u00e9curit\u00e9.<\/p>\n<p class=\"p1\">Sans votre consentement expr\u00e8s &#8211; en activant les cookies dans votre navigateur &#8211; l&rsquo;EI J\u00c9R\u00c9MY SEGUIN ne reliera pas dans les cookies les donn\u00e9es stock\u00e9es avec vos donn\u00e9es personnelles fournies au moment de l&rsquo;enregistrement ou de l&rsquo;achat.<\/p>\n<p class=\"p1\">Quels types de cookies ce site web utilise-t-il ?<\/p>\n<ul class=\"ul1\">\n<li class=\"li1\">Cookies techniques : Ce sont ceux qui permettent \u00e0 l&rsquo;utilisateur de naviguer sur un site web, une plateforme ou une application et d&rsquo;utiliser les diff\u00e9rentes options ou services qui y existent comme, par exemple, contr\u00f4ler le trafic et la communication de donn\u00e9es, identifier la session, acc\u00e9der \u00e0 des parties \u00e0 acc\u00e8s restreint, m\u00e9moriser les \u00e9l\u00e9ments qui composent une commande, effectuer le processus d&rsquo;achat d&rsquo;une commande, effectuer la demande d&rsquo;inscription ou de participation \u00e0 un \u00e9v\u00e9nement, utiliser des fonctions de s\u00e9curit\u00e9 pendant la navigation, stocker des contenus pour diffuser des vid\u00e9os ou du son ou partager des contenus via les r\u00e9seaux sociaux.<\/li>\n<li class=\"li1\">Cookies de personnalisation : il s&rsquo;agit de cookies qui permettent \u00e0 l&rsquo;utilisateur d&rsquo;acc\u00e9der au service avec des caract\u00e9ristiques g\u00e9n\u00e9rales pr\u00e9d\u00e9finies en fonction d&rsquo;une s\u00e9rie de crit\u00e8res pr\u00e9sents dans le terminal de l&rsquo;utilisateur, tels que la langue, le type de navigateur utilis\u00e9 pour acc\u00e9der au service, la configuration r\u00e9gionale \u00e0 partir de laquelle on acc\u00e8de au service, etc.<\/li>\n<li class=\"li1\">Cookies d&rsquo;analyse : il s&rsquo;agit de ceux qui sont trait\u00e9s par nous-m\u00eames ou par des tiers et qui nous permettent de quantifier le nombre d&rsquo;utilisateurs et de proc\u00e9der ainsi \u00e0 la mesure et \u00e0 l&rsquo;analyse statistique de l&rsquo;utilisation faite par les utilisateurs du service offert. Pour ce faire, votre navigation sur notre site web est analys\u00e9e afin d&rsquo;am\u00e9liorer la gamme de produits ou de services que nous proposons.<\/li>\n<li class=\"li1\">Cookies publicitaires : Il s&rsquo;agit de ceux qui, trait\u00e9s par nous-m\u00eames ou par des tiers, nous permettent de g\u00e9rer le plus efficacement possible l&rsquo;offre d&rsquo;espaces publicitaires sur le site web, en adaptant le contenu des publicit\u00e9s au contenu du service demand\u00e9 ou \u00e0 l&rsquo;utilisation que vous faites de notre site web. Pour ce faire, nous pouvons analyser vos habitudes de navigation sur Internet et vous pr\u00e9senter des publicit\u00e9s en rapport avec votre profil de navigation.<\/li>\n<li class=\"li1\">Cookies de publicit\u00e9 comportementale : Ce sont ceux qui permettent de g\u00e9rer, de la mani\u00e8re la plus efficace possible, les espaces publicitaires que, le cas \u00e9ch\u00e9ant, l&rsquo;\u00e9diteur a inclus sur un site web, une application ou une plateforme \u00e0 partir de laquelle le service demand\u00e9 est fourni. Ces cookies stockent des informations sur le comportement de l&rsquo;utilisateur obtenues gr\u00e2ce \u00e0 l&rsquo;observation continue de ses habitudes de navigation, ce qui permet de d\u00e9velopper un profil sp\u00e9cifique afin d&rsquo;afficher des publicit\u00e9s bas\u00e9es sur ce dernier.<\/li>\n<li class=\"li1\">Cookies de tiers : Le site web de l&rsquo;EI J\u00c9R\u00c9MY SEGUIN peut utiliser des services de tiers qui, pour le compte de l&rsquo;EI J\u00c9R\u00c9MY SEGUIN, collectent des informations \u00e0 des fins statistiques, pour l&rsquo;utilisation du site par l&rsquo;utilisateur et pour la fourniture d&rsquo;autres services li\u00e9s \u00e0 l&rsquo;activit\u00e9 du site web et d&rsquo;autres services Internet.<\/li>\n<\/ul>\n<p class=\"p1\">Ce site utilise notamment Google Analytics, un service d&rsquo;analyse de site internet fourni par Google, Inc. domicili\u00e9 aux Etats-Unis et dont le si\u00e8ge social se trouve \u00e0 1600 Amphitheatre Parkway, Mountain View, Californie 94043. Pour fournir ces services, Google utilise des cookies pour collecter des informations, y compris l&rsquo;adresse IP de l&rsquo;utilisateur, qui seront transmises, trait\u00e9es et stock\u00e9es par Google dans les conditions d\u00e9crites sur le site Google.com. Ceci inclut la transmission \u00e9ventuelle de ces informations \u00e0 des tiers pour des raisons l\u00e9gales ou lorsque ces tiers traitent ces informations pour le compte de Google.<\/p>\n<p class=\"p1\">A ce stade, l&rsquo;AGPD propose d&rsquo;inclure chacun des cookies tiers utilis\u00e9s et les donn\u00e9es de ces tiers. Pour des raisons \u00e9videntes, dans ce mod\u00e8le, seul Google a \u00e9t\u00e9 inclus dans l&rsquo;utilisation d&rsquo;Analytics car c&rsquo;est le plus r\u00e9pandu et le plus commun).<\/p>\n<p class=\"p1\">L&rsquo;utilisateur accepte express\u00e9ment, en utilisant ce site, le traitement des informations collect\u00e9es de la mani\u00e8re et aux fins susmentionn\u00e9es. Vous reconnaissez \u00e9galement avoir connaissance de la possibilit\u00e9 de refuser le traitement de ces donn\u00e9es ou informations en refusant l&rsquo;utilisation de cookies en s\u00e9lectionnant les param\u00e8tres appropri\u00e9s \u00e0 cet effet dans votre navigateur. Toutefois, cette option de blocage des cookies dans votre navigateur peut ne pas vous permettre d&rsquo;utiliser pleinement toutes les fonctionnalit\u00e9s du site web.<\/p>\n<p class=\"p1\">Vous pouvez autoriser, bloquer ou supprimer les cookies install\u00e9s sur votre ordinateur en configurant les options du navigateur install\u00e9 sur votre ordinateur : Chrome, Explorer, Firefox, Safari.<\/p>\n<p class=\"p1\">Si vous avez des questions concernant cette politique en mati\u00e8re de cookies, vous pouvez contacter l&rsquo;EI J\u00c9R\u00c9MY SEGUIN \u00e0 l&rsquo;adresse <a href=\"mailto:comerical@huitres-seguin.fr\"><span class=\"s2\">suivante : comerical@huitres-seguin.fr<\/span><\/a> .<span class=\"Apple-converted-space\">&nbsp;<\/span><\/p>\t\t\t\t\t\t<\/div>\n\t\t\t\t<\/div>\n\t\t\t\t<\/div>\n\t\t\t\t\t<\/div>\n\t\t\t\t<\/div>\n\t\t\t\t<\/div>\n\t\t","protected":false},"excerpt":{"rendered":"<p>Nous utilisons nos propres cookies et ceux de tiers pour am\u00e9liorer nos services et vous montrer de la publicit\u00e9 li\u00e9e \u00e0 vos pr\u00e9f\u00e9rences en analysant vos habitudes de navigation. Si vous continuez \u00e0 naviguer, nous consid\u00e9rons que vous acceptez leur utilisation. Vous pouvez modifier la configuration ou obtenir plus d&#8217;informations \u00abici\u00bb. Politique en mati\u00e8re de [&hellip;]<\/p>\n","protected":false},"author":1,"featured_media":0,"parent":0,"menu_order":96,"comment_status":"closed","ping_status":"closed","template":"","meta":{"_acf_changed":false,"footnotes":""},"class_list":["post-539","page","type-page","status-publish","hentry"],"acf":[],"_links":{"self":[{"href":"https:\/\/jeremyseguin.com\/index.php\/wp-json\/wp\/v2\/pages\/539","targetHints":{"allow":["GET"]}}],"collection":[{"href":"https:\/\/jeremyseguin.com\/index.php\/wp-json\/wp\/v2\/pages"}],"about":[{"href":"https:\/\/jeremyseguin.com\/index.php\/wp-json\/wp\/v2\/types\/page"}],"author":[{"embeddable":true,"href":"https:\/\/jeremyseguin.com\/index.php\/wp-json\/wp\/v2\/users\/1"}],"replies":[{"embeddable":true,"href":"https:\/\/jeremyseguin.com\/index.php\/wp-json\/wp\/v2\/comments?post=539"}],"version-history":[{"count":4,"href":"https:\/\/jeremyseguin.com\/index.php\/wp-json\/wp\/v2\/pages\/539\/revisions"}],"predecessor-version":[{"id":543,"href":"https:\/\/jeremyseguin.com\/index.php\/wp-json\/wp\/v2\/pages\/539\/revisions\/543"}],"wp:attachment":[{"href":"https:\/\/jeremyseguin.com\/index.php\/wp-json\/wp\/v2\/media?parent=539"}],"curies":[{"name":"wp","href":"https:\/\/api.w.org\/{rel}","templated":true}]}}