{"id":556,"date":"2024-10-29T14:18:40","date_gmt":"2024-10-29T13:18:40","guid":{"rendered":"https:\/\/jeremyseguin.com\/?page_id=556"},"modified":"2024-11-19T11:59:12","modified_gmt":"2024-11-19T10:59:12","slug":"territory","status":"publish","type":"page","link":"https:\/\/jeremyseguin.com\/index.php\/en\/territory\/","title":{"rendered":"Territory"},"content":{"rendered":"\t\t<div data-elementor-type=\"wp-page\" data-elementor-id=\"556\" class=\"elementor elementor-556\" data-elementor-post-type=\"page\">\n\t\t\t\t<div class=\"elementor-element elementor-element-142e715f e-flex e-con-boxed e-con e-parent\" data-id=\"142e715f\" data-element_type=\"container\">\n\t\t\t\t\t<div class=\"e-con-inner\">\n\t\t<div class=\"elementor-element elementor-element-6326e0dd e-con-full e-flex e-con e-child\" data-id=\"6326e0dd\" data-element_type=\"container\" data-settings=\"{&quot;background_background&quot;:&quot;classic&quot;}\">\n\t\t<div class=\"elementor-element elementor-element-466e1f19 e-con-full e-flex e-con e-child\" data-id=\"466e1f19\" data-element_type=\"container\">\n\t\t\t\t<div class=\"elementor-element elementor-element-686cf15d elementor-widget elementor-widget-heading\" data-id=\"686cf15d\" data-element_type=\"widget\" data-widget_type=\"heading.default\">\n\t\t\t\t<div class=\"elementor-widget-container\">\n\t\t\t<h1 class=\"elementor-heading-title elementor-size-default\">Oyster farming<br \/>in the Ol\u00e9ron Marshes<\/h1>\t\t<\/div>\n\t\t\t\t<\/div>\n\t\t\t\t<\/div>\n\t\t\t\t<\/div>\n\t\t\t\t\t<\/div>\n\t\t\t\t<\/div>\n\t\t<div class=\"elementor-element elementor-element-466e45c e-flex e-con-boxed e-con e-parent\" data-id=\"466e45c\" data-element_type=\"container\" data-settings=\"{&quot;background_background&quot;:&quot;classic&quot;}\">\n\t\t\t\t\t<div class=\"e-con-inner\">\n\t\t<div class=\"elementor-element elementor-element-efe91d6 e-con-full e-flex e-con e-child\" data-id=\"efe91d6\" data-element_type=\"container\" data-settings=\"{&quot;background_background&quot;:&quot;classic&quot;}\">\n\t\t<div class=\"elementor-element elementor-element-f12ab0b e-con-full e-flex e-con e-child\" data-id=\"f12ab0b\" data-element_type=\"container\">\n\t\t<div class=\"elementor-element elementor-element-12e3919 e-con-full elementor-hidden-mobile e-flex e-con e-child\" data-id=\"12e3919\" data-element_type=\"container\" data-settings=\"{&quot;background_background&quot;:&quot;classic&quot;}\">\n\t\t\t\t<\/div>\n\t\t<div class=\"elementor-element elementor-element-396d424 e-con-full e-flex e-con e-child\" data-id=\"396d424\" data-element_type=\"container\">\n\t\t\t\t<div class=\"elementor-element elementor-element-e6fd965 elementor-widget elementor-widget-text-editor\" data-id=\"e6fd965\" data-element_type=\"widget\" data-widget_type=\"text-editor.default\">\n\t\t\t\t<div class=\"elementor-widget-container\">\n\t\t\t\t\t\t\t<p><b style=\"color: var( --e-global-color-text ); font-family: var( --e-global-typography-text-font-family ), Sans-serif; text-align: var(--text-align); background-color: var( --e-global-color-015499d ); font-size: 1rem;\">J\u00e9r\u00e9my Seguin oysters<\/b><span style=\"color: var( --e-global-color-text ); font-family: var( --e-global-typography-text-font-family ), Sans-serif; font-weight: var( --e-global-typography-text-font-weight ); text-align: var(--text-align); background-color: var( --e-global-color-015499d ); font-size: 1rem;\"> come from the <\/span><b style=\"color: var( --e-global-color-text ); font-family: var( --e-global-typography-text-font-family ), Sans-serif; text-align: var(--text-align); background-color: var( --e-global-color-015499d ); font-size: 1rem;\">Marennes d&#8217;Ol\u00e9ron<\/b><span style=\"color: var( --e-global-color-text ); font-family: var( --e-global-typography-text-font-family ), Sans-serif; font-weight: var( --e-global-typography-text-font-weight ); text-align: var(--text-align); background-color: var( --e-global-color-015499d ); font-size: 1rem;\"> basin (off the coast of the Charente-Maritime region of France), where a unique form of oyster farming is practised.<\/span><\/p><p>The geographical area of refining, cultivation and preparation of Marennes Ol\u00e9ron oysters extends over 27 communes covering <b>3 000 hectares<\/b>, which are biologically rich. A Protected Geographical Indication (PGI) that defines an enclave of wild sea with strong winds and tides. <b>They are the only French oysters to have this distinction of origin and quality<\/b>.<\/p><p>In order for oysters from this region to be awarded the Marennes &#8211; Ol\u00e9ron PGI, three requirements must be met, which the Jeremy Seguin oysters fulfil: they must be <b>cultivated<\/b> on the French Atlantic coast, <b>mature<\/b> in \u2018claires\u2019 in one of the 27 communes of the basin and be <b>packed<\/b> in the Marennes Ol\u00e9ron area.<\/p>\t\t\t\t\t\t<\/div>\n\t\t\t\t<\/div>\n\t\t\t\t<\/div>\n\t\t\t\t<\/div>\n\t\t\t\t<\/div>\n\t\t\t\t\t<\/div>\n\t\t\t\t<\/div>\n\t\t<div class=\"elementor-element elementor-element-2bfb8fa elementor-hidden-desktop elementor-hidden-tablet e-flex e-con-boxed e-con e-parent\" data-id=\"2bfb8fa\" data-element_type=\"container\" data-settings=\"{&quot;background_background&quot;:&quot;slideshow&quot;,&quot;background_slideshow_gallery&quot;:[{&quot;id&quot;:193,&quot;url&quot;:&quot;https:\\\/\\\/jeremyseguin.com\\\/wp-content\\\/uploads\\\/2024\\\/09\\\/territorio-2.jpg&quot;},{&quot;id&quot;:194,&quot;url&quot;:&quot;https:\\\/\\\/jeremyseguin.com\\\/wp-content\\\/uploads\\\/2024\\\/09\\\/territorio-3.jpg&quot;},{&quot;id&quot;:195,&quot;url&quot;:&quot;https:\\\/\\\/jeremyseguin.com\\\/wp-content\\\/uploads\\\/2024\\\/09\\\/territorio-4.jpg&quot;},{&quot;id&quot;:398,&quot;url&quot;:&quot;https:\\\/\\\/jeremyseguin.com\\\/wp-content\\\/uploads\\\/2024\\\/10\\\/\\u00a9Jeremie-Eloy_0018_HMO-HD.jpg&quot;},{&quot;id&quot;:399,&quot;url&quot;:&quot;https:\\\/\\\/jeremyseguin.com\\\/wp-content\\\/uploads\\\/2024\\\/10\\\/\\u00a9Jeremie-Eloy_0223_HMO-HD.jpg&quot;}],&quot;background_slideshow_slide_duration&quot;:2000,&quot;background_slideshow_slide_transition&quot;:&quot;slide_left&quot;,&quot;background_slideshow_loop&quot;:&quot;yes&quot;,&quot;background_slideshow_transition_duration&quot;:500}\">\n\t\t\t\t\t<div class=\"e-con-inner\">\n\t\t\t\t\t<\/div>\n\t\t\t\t<\/div>\n\t\t<div class=\"elementor-element elementor-element-fcf3b06 e-flex e-con-boxed e-con e-parent\" data-id=\"fcf3b06\" data-element_type=\"container\" data-settings=\"{&quot;background_background&quot;:&quot;classic&quot;}\">\n\t\t\t\t\t<div class=\"e-con-inner\">\n\t\t<div class=\"elementor-element elementor-element-26c868f e-con-full e-flex e-con e-child\" data-id=\"26c868f\" data-element_type=\"container\" data-settings=\"{&quot;background_background&quot;:&quot;classic&quot;}\">\n\t\t<div class=\"elementor-element elementor-element-c6ac7c3 e-con-full e-flex e-con e-child\" data-id=\"c6ac7c3\" data-element_type=\"container\">\n\t\t<div class=\"elementor-element elementor-element-c4ce6e4 e-con-full e-flex e-con e-child\" data-id=\"c4ce6e4\" data-element_type=\"container\">\n\t\t\t\t<div class=\"elementor-element elementor-element-caed419 elementor-widget elementor-widget-text-editor\" data-id=\"caed419\" data-element_type=\"widget\" data-widget_type=\"text-editor.default\">\n\t\t\t\t<div class=\"elementor-widget-container\">\n\t\t\t\t\t\t\t<p>These coasts of the Atlantic Ocean are characterised by strong tides and winds. This particular climate gives them a <b>fine and very particular taste<\/b>.<\/p><p>The withdrawal of the waters produced by the tides forces the oysters to learn to live out of water by thickening their shells. These variations give them greater survival out of water at the time of sale, and they can remain at a controlled temperature (5 to 15 \u00b0C) for more than 10 days before final consumption.<\/p>\t\t\t\t\t\t<\/div>\n\t\t\t\t<\/div>\n\t\t\t\t<\/div>\n\t\t<div class=\"elementor-element elementor-element-3584267 e-con-full elementor-hidden-mobile e-flex e-con e-child\" data-id=\"3584267\" data-element_type=\"container\" data-settings=\"{&quot;background_background&quot;:&quot;classic&quot;}\">\n\t\t\t\t<\/div>\n\t\t\t\t<\/div>\n\t\t\t\t<\/div>\n\t\t\t\t\t<\/div>\n\t\t\t\t<\/div>\n\t\t<div class=\"elementor-element elementor-element-83af280 e-flex e-con-boxed e-con e-parent\" data-id=\"83af280\" data-element_type=\"container\" data-settings=\"{&quot;background_background&quot;:&quot;classic&quot;}\">\n\t\t\t\t\t<div class=\"e-con-inner\">\n\t\t<div class=\"elementor-element elementor-element-5cf1096 e-con-full e-flex e-con e-child\" data-id=\"5cf1096\" data-element_type=\"container\" data-settings=\"{&quot;background_background&quot;:&quot;classic&quot;}\">\n\t\t<div class=\"elementor-element elementor-element-0d3383a e-con-full e-flex e-con e-child\" data-id=\"0d3383a\" data-element_type=\"container\">\n\t\t<div class=\"elementor-element elementor-element-a25613e e-con-full elementor-hidden-mobile e-flex e-con e-child\" data-id=\"a25613e\" data-element_type=\"container\" data-settings=\"{&quot;background_background&quot;:&quot;classic&quot;}\">\n\t\t\t\t<\/div>\n\t\t<div class=\"elementor-element elementor-element-173d4f7 e-con-full e-flex e-con e-child\" data-id=\"173d4f7\" data-element_type=\"container\">\n\t\t\t\t<div class=\"elementor-element elementor-element-18071f5 elementor-widget elementor-widget-text-editor\" data-id=\"18071f5\" data-element_type=\"widget\" data-widget_type=\"text-editor.default\">\n\t\t\t\t<div class=\"elementor-widget-container\">\n\t\t\t\t\t\t\t<p><span style=\"color: var( --e-global-color-text ); font-family: var( --e-global-typography-text-font-family ), Sans-serif; font-weight: var( --e-global-typography-text-font-weight ); text-align: var(--text-align); background-color: var( --e-global-color-015499d ); font-size: 1rem;\">Once they have been cultivated in the sea (3 to 5 years), they are transported to the oyster beds (\u2018<\/span><b style=\"color: var( --e-global-color-text ); font-family: var( --e-global-typography-text-font-family ), Sans-serif; text-align: var(--text-align); background-color: var( --e-global-color-015499d ); font-size: 1rem;\">claires<\/b><span style=\"color: var( --e-global-color-text ); font-family: var( --e-global-typography-text-font-family ), Sans-serif; font-weight: var( --e-global-typography-text-font-weight ); text-align: var(--text-align); background-color: var( --e-global-color-015499d ); font-size: 1rem;\">\u2019). A unique ecosystem, rich in minerals and nutrients, for their final refining or maturation over several weeks. This process produces a <\/span><b style=\"color: var( --e-global-color-text ); font-family: var( --e-global-typography-text-font-family ), Sans-serif; text-align: var(--text-align); background-color: var( --e-global-color-015499d ); font-size: 1rem;\">unique type of oyster<\/b><span style=\"color: var( --e-global-color-text ); font-family: var( --e-global-typography-text-font-family ), Sans-serif; font-weight: var( --e-global-typography-text-font-weight ); text-align: var(--text-align); background-color: var( --e-global-color-015499d ); font-size: 1rem;\"> with a mild and refined taste. It is precisely thanks to this diet that the oysters manage to rapidly regenerate their cellular tissues and absorb the unique characteristics of this environment. An environment marked by its ancient marshes converted into salt marshes (claires). Shallow, they fill with the rising tides and retain the water of the falling tides. This French method, unique in the world, is known as \u2018<\/span><b style=\"color: var( --e-global-color-text ); font-family: var( --e-global-typography-text-font-family ), Sans-serif; text-align: var(--text-align); background-color: var( --e-global-color-015499d ); font-size: 1rem;\">maturation en claires<\/b><span style=\"color: var( --e-global-color-text ); font-family: var( --e-global-typography-text-font-family ), Sans-serif; font-weight: var( --e-global-typography-text-font-weight ); text-align: var(--text-align); background-color: var( --e-global-color-015499d ); font-size: 1rem;\">\u2019. The intense taste of the sea is attenuated by a more refined taste, without losing the marine essence.<\/span><\/p>\t\t\t\t\t\t<\/div>\n\t\t\t\t<\/div>\n\t\t\t\t<\/div>\n\t\t\t\t<\/div>\n\t\t\t\t<\/div>\n\t\t\t\t\t<\/div>\n\t\t\t\t<\/div>\n\t\t<div class=\"elementor-element elementor-element-91e3774 e-flex e-con-boxed e-con e-parent\" data-id=\"91e3774\" data-element_type=\"container\" data-settings=\"{&quot;background_background&quot;:&quot;classic&quot;}\">\n\t\t\t\t\t<div class=\"e-con-inner\">\n\t\t<div class=\"elementor-element elementor-element-9a677f1 e-con-full e-flex e-con e-child\" data-id=\"9a677f1\" data-element_type=\"container\" data-settings=\"{&quot;background_background&quot;:&quot;classic&quot;}\">\n\t\t<div class=\"elementor-element elementor-element-c7b7399 e-con-full e-flex e-con e-child\" data-id=\"c7b7399\" data-element_type=\"container\">\n\t\t<div class=\"elementor-element elementor-element-697e8c6 e-con-full e-flex e-con e-child\" data-id=\"697e8c6\" data-element_type=\"container\">\n\t\t\t\t<div class=\"elementor-element elementor-element-d62580f elementor-widget elementor-widget-text-editor\" data-id=\"d62580f\" data-element_type=\"widget\" data-widget_type=\"text-editor.default\">\n\t\t\t\t<div class=\"elementor-widget-container\">\n\t\t\t\t\t\t\t<p>The \u2018<b>Fine de Claire<\/b>\u2019 and \u2018<b>Sp\u00e9ciale de Claire<\/b>\u2019 oysters are matured according to the seasons. The jewel of the region is called \u2018<b>Fine de Claire Verte<\/b>\u2019. This rare and precious specimen has a medium fleshy texture and a very characteristic aqua-marine green colour given to it by an algae called \u2018<b>navicule bleue<\/b>\u2019. When the oysters filter this algae, this transfer of colour is produced, which makes them so unique.<\/p>\t\t\t\t\t\t<\/div>\n\t\t\t\t<\/div>\n\t\t\t\t<\/div>\n\t\t<div class=\"elementor-element elementor-element-0353a57 e-con-full elementor-hidden-mobile e-flex e-con e-child\" data-id=\"0353a57\" data-element_type=\"container\" data-settings=\"{&quot;background_background&quot;:&quot;classic&quot;}\">\n\t\t\t\t<\/div>\n\t\t\t\t<\/div>\n\t\t\t\t<\/div>\n\t\t\t\t\t<\/div>\n\t\t\t\t<\/div>\n\t\t<div class=\"elementor-element elementor-element-4d5c4cc e-flex e-con-boxed e-con e-parent\" data-id=\"4d5c4cc\" data-element_type=\"container\" data-settings=\"{&quot;background_background&quot;:&quot;classic&quot;}\">\n\t\t\t\t\t<div class=\"e-con-inner\">\n\t\t<div class=\"elementor-element elementor-element-0a1cc1b e-con-full e-flex e-con e-child\" data-id=\"0a1cc1b\" data-element_type=\"container\" data-settings=\"{&quot;background_background&quot;:&quot;classic&quot;}\">\n\t\t<div class=\"elementor-element elementor-element-6078da4 e-con-full e-flex e-con e-child\" data-id=\"6078da4\" data-element_type=\"container\">\n\t\t<div class=\"elementor-element elementor-element-9ad945e e-con-full elementor-hidden-mobile e-flex e-con e-child\" data-id=\"9ad945e\" data-element_type=\"container\" data-settings=\"{&quot;background_background&quot;:&quot;classic&quot;}\">\n\t\t\t\t<\/div>\n\t\t<div class=\"elementor-element elementor-element-33c1e39 e-con-full e-flex e-con e-child\" data-id=\"33c1e39\" data-element_type=\"container\">\n\t\t\t\t<div class=\"elementor-element elementor-element-b7dc983 elementor-widget elementor-widget-text-editor\" data-id=\"b7dc983\" data-element_type=\"widget\" data-widget_type=\"text-editor.default\">\n\t\t\t\t<div class=\"elementor-widget-container\">\n\t\t\t\t\t\t\t<p>Finally we have the diamond in the rough of our selection, \u2018<b>la Pousse en Claire<\/b>\u2019, cultivated for 6 months in the \u2018claires\u2019 at a density between 2 and 5 oysters per square metre. This low density allows it to develop an abundant and crunchy fleshiness that has earned it the Rouge Label, the highest quality certification. A seasonal and unique product with an inimitable taste. Because it is so fleshy, it retains little water inside the shell, resulting in a much sweeter taste than a \u2018Fine de Claire\u2019.<\/p>\t\t\t\t\t\t<\/div>\n\t\t\t\t<\/div>\n\t\t\t\t<\/div>\n\t\t\t\t<\/div>\n\t\t\t\t<\/div>\n\t\t\t\t\t<\/div>\n\t\t\t\t<\/div>\n\t\t<div class=\"elementor-element elementor-element-1e4b885 e-flex e-con-boxed e-con e-parent\" data-id=\"1e4b885\" data-element_type=\"container\">\n\t\t\t\t\t<div class=\"e-con-inner\">\n\t\t<div class=\"elementor-element elementor-element-9055023 e-con-full e-flex e-con e-child\" data-id=\"9055023\" data-element_type=\"container\">\n\t\t\t\t<div class=\"elementor-element elementor-element-190e5fb elementor-widget elementor-widget-video\" data-id=\"190e5fb\" data-element_type=\"widget\" data-settings=\"{&quot;youtube_url&quot;:&quot;https:\\\/\\\/www.youtube.com\\\/watch?v=M-6cqGbumu4&amp;t=56s&quot;,&quot;video_type&quot;:&quot;youtube&quot;,&quot;controls&quot;:&quot;yes&quot;}\" data-widget_type=\"video.default\">\n\t\t\t\t<div class=\"elementor-widget-container\">\n\t\t\t\t\t<div class=\"elementor-wrapper elementor-open-inline\">\n\t\t\t<div class=\"elementor-video\"><\/div>\t\t<\/div>\n\t\t\t\t<\/div>\n\t\t\t\t<\/div>\n\t\t\t\t<\/div>\n\t\t\t\t\t<\/div>\n\t\t\t\t<\/div>\n\t\t<div class=\"elementor-element elementor-element-10b1bc06 e-flex e-con-boxed e-con e-parent\" data-id=\"10b1bc06\" data-element_type=\"container\">\n\t\t\t\t\t<div class=\"e-con-inner\">\n\t\t<div class=\"elementor-element elementor-element-6a2f8a94 e-con-full e-flex e-con e-child\" data-id=\"6a2f8a94\" data-element_type=\"container\" data-settings=\"{&quot;background_background&quot;:&quot;classic&quot;}\">\n\t\t<div class=\"elementor-element elementor-element-599eec82 e-con-full e-flex e-con e-child\" data-id=\"599eec82\" data-element_type=\"container\">\n\t\t\t\t<div class=\"elementor-element elementor-element-7374bde3 elementor-widget elementor-widget-heading\" data-id=\"7374bde3\" data-element_type=\"widget\" data-widget_type=\"heading.default\">\n\t\t\t\t<div class=\"elementor-widget-container\">\n\t\t\t<h2 class=\"elementor-heading-title elementor-size-default\">Do you want the best oysters?<\/h2>\t\t<\/div>\n\t\t\t\t<\/div>\n\t\t\t\t<div class=\"elementor-element elementor-element-2e19580d elementor-align-center elementor-widget elementor-widget-button\" data-id=\"2e19580d\" data-element_type=\"widget\" data-widget_type=\"button.default\">\n\t\t\t\t<div class=\"elementor-widget-container\">\n\t\t\t\t\t\t\t<div class=\"elementor-button-wrapper\">\n\t\t\t\t\t<a class=\"elementor-button elementor-button-link elementor-size-sm\" href=\"https:\/\/jeremyseguin.com\/index.php\/en\/contact\/\">\n\t\t\t\t\t\t<span class=\"elementor-button-content-wrapper\">\n\t\t\t\t\t\t\t\t\t<span class=\"elementor-button-text\">Contact us<\/span>\n\t\t\t\t\t<\/span>\n\t\t\t\t\t<\/a>\n\t\t\t\t<\/div>\n\t\t\t\t\t\t<\/div>\n\t\t\t\t<\/div>\n\t\t\t\t<\/div>\n\t\t\t\t<\/div>\n\t\t\t\t\t<\/div>\n\t\t\t\t<\/div>\n\t\t\t\t<\/div>\n\t\t","protected":false},"excerpt":{"rendered":"<p>Oyster farmingin the Ol\u00e9ron Marshes J\u00e9r\u00e9my Seguin oysters come from the Marennes d&#8217;Ol\u00e9ron basin (off the coast of the Charente-Maritime region of France), where a unique form of oyster farming is practised. The geographical area of refining, cultivation and preparation of Marennes Ol\u00e9ron oysters extends over 27 communes covering 3 000 hectares, which are biologically [&hellip;]<\/p>\n","protected":false},"author":1,"featured_media":0,"parent":0,"menu_order":20,"comment_status":"closed","ping_status":"closed","template":"","meta":{"_acf_changed":false,"footnotes":""},"class_list":["post-556","page","type-page","status-publish","hentry"],"acf":[],"_links":{"self":[{"href":"https:\/\/jeremyseguin.com\/index.php\/wp-json\/wp\/v2\/pages\/556","targetHints":{"allow":["GET"]}}],"collection":[{"href":"https:\/\/jeremyseguin.com\/index.php\/wp-json\/wp\/v2\/pages"}],"about":[{"href":"https:\/\/jeremyseguin.com\/index.php\/wp-json\/wp\/v2\/types\/page"}],"author":[{"embeddable":true,"href":"https:\/\/jeremyseguin.com\/index.php\/wp-json\/wp\/v2\/users\/1"}],"replies":[{"embeddable":true,"href":"https:\/\/jeremyseguin.com\/index.php\/wp-json\/wp\/v2\/comments?post=556"}],"version-history":[{"count":7,"href":"https:\/\/jeremyseguin.com\/index.php\/wp-json\/wp\/v2\/pages\/556\/revisions"}],"predecessor-version":[{"id":756,"href":"https:\/\/jeremyseguin.com\/index.php\/wp-json\/wp\/v2\/pages\/556\/revisions\/756"}],"wp:attachment":[{"href":"https:\/\/jeremyseguin.com\/index.php\/wp-json\/wp\/v2\/media?parent=556"}],"curies":[{"name":"wp","href":"https:\/\/api.w.org\/{rel}","templated":true}]}}